{"id":27448,"date":"2023-09-04T14:42:00","date_gmt":"2023-09-04T12:42:00","guid":{"rendered":"https:\/\/www.sp1nowysacz.pl\/?page_id=27448"},"modified":"2025-10-02T19:24:51","modified_gmt":"2025-10-02T17:24:51","slug":"wymagania-edukacyjne-klasa-7","status":"publish","type":"page","link":"https:\/\/www.sp1nowysacz.pl\/index.php\/wymagania-edukacyjne-klasa-7\/","title":{"rendered":"Wymagania edukacyjne klasa 7"},"content":{"rendered":"<ul>\n<li style=\"list-style-type: none;\">\n<ul>\n<li><img loading=\"lazy\" decoding=\"async\" class=\"size-medium wp-image-27449 alignleft\" src=\"https:\/\/www.sp1nowysacz.pl\/wp-content\/uploads\/2023\/09\/klasa-7-241x300.jpg\" alt=\"\" width=\"241\" height=\"300\" srcset=\"https:\/\/www.sp1nowysacz.pl\/wp-content\/uploads\/2023\/09\/klasa-7-241x300.jpg 241w, https:\/\/www.sp1nowysacz.pl\/wp-content\/uploads\/2023\/09\/klasa-7.jpg 247w\" sizes=\"auto, (max-width: 241px) 100vw, 241px\" \/><span style=\"font-size: 12pt;\">biologia <a href=\"https:\/\/www.sp1nowysacz.pl\/wp-content\/uploads\/2025\/09\/biologia-klasa-7.pdf\">biologia klasa 7<\/a><\/span><\/li>\n<li><span style=\"font-size: 12pt;\">chemia <a href=\"https:\/\/www.sp1nowysacz.pl\/wp-content\/uploads\/2025\/09\/Chemia-kl.-7-ZSP4.pdf\">chemia kl. 7 <\/a><\/span><\/li>\n<li><span style=\"font-size: 12pt;\">fizyka <a href=\"https:\/\/www.sp1nowysacz.pl\/wp-content\/uploads\/2025\/09\/Fizyka-klasa-7.pdf\">fizyka klasa 7<\/a><\/span><\/li>\n<li><span style=\"font-size: 12pt;\">matematyka <a href=\"https:\/\/www.sp1nowysacz.pl\/wp-content\/uploads\/2025\/09\/Matematyka-klasa-7.pdf\">matematyka klasa 7<\/a><\/span><\/li>\n<li><span style=\"font-size: 12pt;\">geografia <a href=\"https:\/\/www.sp1nowysacz.pl\/wp-content\/uploads\/2025\/09\/geografia-klasa-7.pdf\">geografia klasa 7<\/a><\/span><\/li>\n<li><span style=\"font-size: 12pt;\">j\u0119zyk polski <a href=\"https:\/\/www.sp1nowysacz.pl\/wp-content\/uploads\/2025\/09\/polski-klasa-7.pdf\">polski klasa 7<\/a><\/span><\/li>\n<li><span style=\"font-size: 12pt;\">j\u0119zyk angielski <a href=\"https:\/\/www.sp1nowysacz.pl\/wp-content\/uploads\/2025\/09\/angielski-klasa-7.pdf\">angielski klasa 7<\/a><\/span><\/li>\n<li><span style=\"font-size: 12pt;\">j\u0119zyk niemiecki\u00a0 <a href=\"https:\/\/www.sp1nowysacz.pl\/wp-content\/uploads\/2025\/09\/Niemiecki-klasa-7.pdf\">niemiecki klasa 7<\/a><\/span><\/li>\n<li><span style=\"font-size: 12pt;\">historia <a href=\"https:\/\/www.sp1nowysacz.pl\/wp-content\/uploads\/2025\/09\/historia-klasa-7.pdf\">historia klasa 7<\/a><\/span><\/li>\n<li><span style=\"font-size: 12pt;\">muzyka <a href=\"https:\/\/www.sp1nowysacz.pl\/wp-content\/uploads\/2025\/09\/Muzyka-klasa-7.pdf\">muzyka klasa 7<\/a><\/span><\/li>\n<li><span style=\"font-size: 12pt;\">plastyka <a href=\"https:\/\/www.sp1nowysacz.pl\/wp-content\/uploads\/2025\/09\/plastyka-7.pdf\">plastyka klasa 7<\/a><\/span><\/li>\n<li>i<span style=\"font-size: 12pt;\">nformatyka <a href=\"https:\/\/www.sp1nowysacz.pl\/wp-content\/uploads\/2025\/09\/Informatyka-klasa-7.pdf\">informatyka klasa 7<\/a><\/span><\/li>\n<li><span style=\"font-size: 12pt;\">wychowanie fizyczne <a href=\"https:\/\/www.sp1nowysacz.pl\/wp-content\/uploads\/2025\/09\/w-f-klasa-7.pdf\">w-f klasa 7<\/a><\/span><\/li>\n<\/ul>\n<\/li>\n<\/ul>\n<p>&nbsp;<\/p>\n<div class=\"gsp_post_data\" data-post_type=\"page\" data-cat=\"\" data-modified=\"120\" data-title=\"Wymagania edukacyjne klasa 7\" data-home=\"https:\/\/www.sp1nowysacz.pl\"><\/div>","protected":false},"excerpt":{"rendered":"<p>biologia biologia klasa 7 chemia chemia kl. 7 fizyka fizyka klasa 7 matematyka matematyka klasa 7 geografia geografia klasa 7 j\u0119zyk polski polski klasa 7 j\u0119zyk angielski angielski klasa 7 j\u0119zyk niemiecki\u00a0 niemiecki klasa 7 historia historia klasa 7 muzyka muzyka klasa 7 plastyka plastyka klasa 7 informatyka informatyka klasa 7 wychowanie fizyczne w-f klasa 7 &nbsp;<\/p>\n","protected":false},"author":4,"featured_media":0,"parent":0,"menu_order":0,"comment_status":"closed","ping_status":"closed","template":"","meta":{"footnotes":""},"class_list":["post-27448","page","type-page","status-publish","hentry"],"yoast_head":"<!-- This site is optimized with the Yoast SEO plugin v27.0 - https:\/\/yoast.com\/product\/yoast-seo-wordpress\/ -->\n<title>Wymagania edukacyjne klasa 7 &#8226; Szko\u0142a Podstawowa nr 1 w Nowym S\u0105czu<\/title>\n<meta name=\"robots\" content=\"index, follow, max-snippet:-1, max-image-preview:large, max-video-preview:-1\" \/>\n<link rel=\"canonical\" href=\"https:\/\/www.sp1nowysacz.pl\/index.php\/wymagania-edukacyjne-klasa-7\/\" \/>\n<meta property=\"og:locale\" content=\"pl_PL\" \/>\n<meta property=\"og:type\" content=\"article\" \/>\n<meta property=\"og:title\" content=\"Wymagania edukacyjne klasa 7 &#8226; Szko\u0142a Podstawowa nr 1 w Nowym S\u0105czu\" \/>\n<meta property=\"og:description\" content=\"biologia biologia klasa 7 chemia chemia kl. 7 fizyka fizyka klasa 7 matematyka matematyka klasa 7 geografia geografia klasa 7 j\u0119zyk polski polski klasa 7 j\u0119zyk angielski angielski klasa 7 j\u0119zyk niemiecki\u00a0 niemiecki klasa 7 historia historia klasa 7 muzyka muzyka klasa 7 plastyka plastyka klasa 7 informatyka informatyka klasa 7 wychowanie fizyczne w-f klasa 7 &nbsp;\" \/>\n<meta property=\"og:url\" content=\"https:\/\/www.sp1nowysacz.pl\/index.php\/wymagania-edukacyjne-klasa-7\/\" \/>\n<meta property=\"og:site_name\" content=\"Szko\u0142a Podstawowa nr 1 w Nowym S\u0105czu\" \/>\n<meta property=\"article:publisher\" content=\"https:\/\/pl-pl.facebook.com\/sp1nowysacz\/\" \/>\n<meta property=\"article:modified_time\" content=\"2025-10-02T17:24:51+00:00\" \/>\n<meta property=\"og:image\" content=\"https:\/\/www.sp1nowysacz.pl\/wp-content\/uploads\/2023\/09\/klasa-7.jpg\" \/>\n\t<meta property=\"og:image:width\" content=\"247\" \/>\n\t<meta property=\"og:image:height\" content=\"307\" \/>\n\t<meta property=\"og:image:type\" content=\"image\/jpeg\" \/>\n<meta name=\"twitter:card\" content=\"summary_large_image\" \/>\n<meta name=\"twitter:label1\" content=\"Szacowany czas czytania\" \/>\n\t<meta name=\"twitter:data1\" content=\"1 minuta\" \/>\n<script type=\"application\/ld+json\" class=\"yoast-schema-graph\">{\"@context\":\"https:\/\/schema.org\",\"@graph\":[{\"@type\":\"WebPage\",\"@id\":\"https:\/\/www.sp1nowysacz.pl\/index.php\/wymagania-edukacyjne-klasa-7\/\",\"url\":\"https:\/\/www.sp1nowysacz.pl\/index.php\/wymagania-edukacyjne-klasa-7\/\",\"name\":\"Wymagania edukacyjne klasa 7 &#8226; Szko\u0142a Podstawowa nr 1 w Nowym S\u0105czu\",\"isPartOf\":{\"@id\":\"https:\/\/www.sp1nowysacz.pl\/#website\"},\"primaryImageOfPage\":{\"@id\":\"https:\/\/www.sp1nowysacz.pl\/index.php\/wymagania-edukacyjne-klasa-7\/#primaryimage\"},\"image\":{\"@id\":\"https:\/\/www.sp1nowysacz.pl\/index.php\/wymagania-edukacyjne-klasa-7\/#primaryimage\"},\"thumbnailUrl\":\"https:\/\/www.sp1nowysacz.pl\/wp-content\/uploads\/2023\/09\/klasa-7-241x300.jpg\",\"datePublished\":\"2023-09-04T12:42:00+00:00\",\"dateModified\":\"2025-10-02T17:24:51+00:00\",\"breadcrumb\":{\"@id\":\"https:\/\/www.sp1nowysacz.pl\/index.php\/wymagania-edukacyjne-klasa-7\/#breadcrumb\"},\"inLanguage\":\"pl-PL\",\"potentialAction\":[{\"@type\":\"ReadAction\",\"target\":[\"https:\/\/www.sp1nowysacz.pl\/index.php\/wymagania-edukacyjne-klasa-7\/\"]}]},{\"@type\":\"ImageObject\",\"inLanguage\":\"pl-PL\",\"@id\":\"https:\/\/www.sp1nowysacz.pl\/index.php\/wymagania-edukacyjne-klasa-7\/#primaryimage\",\"url\":\"https:\/\/www.sp1nowysacz.pl\/wp-content\/uploads\/2023\/09\/klasa-7.jpg\",\"contentUrl\":\"https:\/\/www.sp1nowysacz.pl\/wp-content\/uploads\/2023\/09\/klasa-7.jpg\",\"width\":247,\"height\":307},{\"@type\":\"BreadcrumbList\",\"@id\":\"https:\/\/www.sp1nowysacz.pl\/index.php\/wymagania-edukacyjne-klasa-7\/#breadcrumb\",\"itemListElement\":[{\"@type\":\"ListItem\",\"position\":1,\"name\":\"Strona g\u0142\u00f3wna\",\"item\":\"https:\/\/www.sp1nowysacz.pl\/\"},{\"@type\":\"ListItem\",\"position\":2,\"name\":\"Wymagania edukacyjne klasa 7\"}]},{\"@type\":\"WebSite\",\"@id\":\"https:\/\/www.sp1nowysacz.pl\/#website\",\"url\":\"https:\/\/www.sp1nowysacz.pl\/\",\"name\":\"Szko\u0142a Podstawowa nr 1 w Nowym S\u0105czu\",\"description\":\"sp1 Nowy S\u0105cz\",\"publisher\":{\"@id\":\"https:\/\/www.sp1nowysacz.pl\/#organization\"},\"potentialAction\":[{\"@type\":\"SearchAction\",\"target\":{\"@type\":\"EntryPoint\",\"urlTemplate\":\"https:\/\/www.sp1nowysacz.pl\/?s={search_term_string}\"},\"query-input\":{\"@type\":\"PropertyValueSpecification\",\"valueRequired\":true,\"valueName\":\"search_term_string\"}}],\"inLanguage\":\"pl-PL\"},{\"@type\":\"Organization\",\"@id\":\"https:\/\/www.sp1nowysacz.pl\/#organization\",\"name\":\"Zesp\u00f3\u0142 Szkolno-Przedszkolny nr 4 w Nowym S\u0105czu,Szko\u0142a Podstawowa nr 1 w Nowym S\u0105czu\",\"url\":\"https:\/\/www.sp1nowysacz.pl\/\",\"logo\":{\"@type\":\"ImageObject\",\"inLanguage\":\"pl-PL\",\"@id\":\"https:\/\/www.sp1nowysacz.pl\/#\/schema\/logo\/image\/\",\"url\":\"https:\/\/www.sp1nowysacz.pl\/wp-content\/uploads\/2021\/09\/cropped-szyld-Recovered-1-scaled-1.jpg\",\"contentUrl\":\"https:\/\/www.sp1nowysacz.pl\/wp-content\/uploads\/2021\/09\/cropped-szyld-Recovered-1-scaled-1.jpg\",\"width\":1600,\"height\":266,\"caption\":\"Zesp\u00f3\u0142 Szkolno-Przedszkolny nr 4 w Nowym S\u0105czu,Szko\u0142a Podstawowa nr 1 w Nowym S\u0105czu\"},\"image\":{\"@id\":\"https:\/\/www.sp1nowysacz.pl\/#\/schema\/logo\/image\/\"},\"sameAs\":[\"https:\/\/pl-pl.facebook.com\/sp1nowysacz\/\"]}]}<\/script>\n<!-- \/ Yoast SEO plugin. -->","yoast_head_json":{"title":"Wymagania edukacyjne klasa 7 &#8226; Szko\u0142a Podstawowa nr 1 w Nowym S\u0105czu","robots":{"index":"index","follow":"follow","max-snippet":"max-snippet:-1","max-image-preview":"max-image-preview:large","max-video-preview":"max-video-preview:-1"},"canonical":"https:\/\/www.sp1nowysacz.pl\/index.php\/wymagania-edukacyjne-klasa-7\/","og_locale":"pl_PL","og_type":"article","og_title":"Wymagania edukacyjne klasa 7 &#8226; Szko\u0142a Podstawowa nr 1 w Nowym S\u0105czu","og_description":"biologia biologia klasa 7 chemia chemia kl. 7 fizyka fizyka klasa 7 matematyka matematyka klasa 7 geografia geografia klasa 7 j\u0119zyk polski polski klasa 7 j\u0119zyk angielski angielski klasa 7 j\u0119zyk niemiecki\u00a0 niemiecki klasa 7 historia historia klasa 7 muzyka muzyka klasa 7 plastyka plastyka klasa 7 informatyka informatyka klasa 7 wychowanie fizyczne w-f klasa 7 &nbsp;","og_url":"https:\/\/www.sp1nowysacz.pl\/index.php\/wymagania-edukacyjne-klasa-7\/","og_site_name":"Szko\u0142a Podstawowa nr 1 w Nowym S\u0105czu","article_publisher":"https:\/\/pl-pl.facebook.com\/sp1nowysacz\/","article_modified_time":"2025-10-02T17:24:51+00:00","og_image":[{"width":247,"height":307,"url":"https:\/\/www.sp1nowysacz.pl\/wp-content\/uploads\/2023\/09\/klasa-7.jpg","type":"image\/jpeg"}],"twitter_card":"summary_large_image","twitter_misc":{"Szacowany czas czytania":"1 minuta"},"schema":{"@context":"https:\/\/schema.org","@graph":[{"@type":"WebPage","@id":"https:\/\/www.sp1nowysacz.pl\/index.php\/wymagania-edukacyjne-klasa-7\/","url":"https:\/\/www.sp1nowysacz.pl\/index.php\/wymagania-edukacyjne-klasa-7\/","name":"Wymagania edukacyjne klasa 7 &#8226; Szko\u0142a Podstawowa nr 1 w Nowym S\u0105czu","isPartOf":{"@id":"https:\/\/www.sp1nowysacz.pl\/#website"},"primaryImageOfPage":{"@id":"https:\/\/www.sp1nowysacz.pl\/index.php\/wymagania-edukacyjne-klasa-7\/#primaryimage"},"image":{"@id":"https:\/\/www.sp1nowysacz.pl\/index.php\/wymagania-edukacyjne-klasa-7\/#primaryimage"},"thumbnailUrl":"https:\/\/www.sp1nowysacz.pl\/wp-content\/uploads\/2023\/09\/klasa-7-241x300.jpg","datePublished":"2023-09-04T12:42:00+00:00","dateModified":"2025-10-02T17:24:51+00:00","breadcrumb":{"@id":"https:\/\/www.sp1nowysacz.pl\/index.php\/wymagania-edukacyjne-klasa-7\/#breadcrumb"},"inLanguage":"pl-PL","potentialAction":[{"@type":"ReadAction","target":["https:\/\/www.sp1nowysacz.pl\/index.php\/wymagania-edukacyjne-klasa-7\/"]}]},{"@type":"ImageObject","inLanguage":"pl-PL","@id":"https:\/\/www.sp1nowysacz.pl\/index.php\/wymagania-edukacyjne-klasa-7\/#primaryimage","url":"https:\/\/www.sp1nowysacz.pl\/wp-content\/uploads\/2023\/09\/klasa-7.jpg","contentUrl":"https:\/\/www.sp1nowysacz.pl\/wp-content\/uploads\/2023\/09\/klasa-7.jpg","width":247,"height":307},{"@type":"BreadcrumbList","@id":"https:\/\/www.sp1nowysacz.pl\/index.php\/wymagania-edukacyjne-klasa-7\/#breadcrumb","itemListElement":[{"@type":"ListItem","position":1,"name":"Strona g\u0142\u00f3wna","item":"https:\/\/www.sp1nowysacz.pl\/"},{"@type":"ListItem","position":2,"name":"Wymagania edukacyjne klasa 7"}]},{"@type":"WebSite","@id":"https:\/\/www.sp1nowysacz.pl\/#website","url":"https:\/\/www.sp1nowysacz.pl\/","name":"Szko\u0142a Podstawowa nr 1 w Nowym S\u0105czu","description":"sp1 Nowy S\u0105cz","publisher":{"@id":"https:\/\/www.sp1nowysacz.pl\/#organization"},"potentialAction":[{"@type":"SearchAction","target":{"@type":"EntryPoint","urlTemplate":"https:\/\/www.sp1nowysacz.pl\/?s={search_term_string}"},"query-input":{"@type":"PropertyValueSpecification","valueRequired":true,"valueName":"search_term_string"}}],"inLanguage":"pl-PL"},{"@type":"Organization","@id":"https:\/\/www.sp1nowysacz.pl\/#organization","name":"Zesp\u00f3\u0142 Szkolno-Przedszkolny nr 4 w Nowym S\u0105czu,Szko\u0142a Podstawowa nr 1 w Nowym S\u0105czu","url":"https:\/\/www.sp1nowysacz.pl\/","logo":{"@type":"ImageObject","inLanguage":"pl-PL","@id":"https:\/\/www.sp1nowysacz.pl\/#\/schema\/logo\/image\/","url":"https:\/\/www.sp1nowysacz.pl\/wp-content\/uploads\/2021\/09\/cropped-szyld-Recovered-1-scaled-1.jpg","contentUrl":"https:\/\/www.sp1nowysacz.pl\/wp-content\/uploads\/2021\/09\/cropped-szyld-Recovered-1-scaled-1.jpg","width":1600,"height":266,"caption":"Zesp\u00f3\u0142 Szkolno-Przedszkolny nr 4 w Nowym S\u0105czu,Szko\u0142a Podstawowa nr 1 w Nowym S\u0105czu"},"image":{"@id":"https:\/\/www.sp1nowysacz.pl\/#\/schema\/logo\/image\/"},"sameAs":["https:\/\/pl-pl.facebook.com\/sp1nowysacz\/"]}]}},"_links":{"self":[{"href":"https:\/\/www.sp1nowysacz.pl\/index.php\/wp-json\/wp\/v2\/pages\/27448","targetHints":{"allow":["GET"]}}],"collection":[{"href":"https:\/\/www.sp1nowysacz.pl\/index.php\/wp-json\/wp\/v2\/pages"}],"about":[{"href":"https:\/\/www.sp1nowysacz.pl\/index.php\/wp-json\/wp\/v2\/types\/page"}],"author":[{"embeddable":true,"href":"https:\/\/www.sp1nowysacz.pl\/index.php\/wp-json\/wp\/v2\/users\/4"}],"replies":[{"embeddable":true,"href":"https:\/\/www.sp1nowysacz.pl\/index.php\/wp-json\/wp\/v2\/comments?post=27448"}],"version-history":[{"count":15,"href":"https:\/\/www.sp1nowysacz.pl\/index.php\/wp-json\/wp\/v2\/pages\/27448\/revisions"}],"predecessor-version":[{"id":34943,"href":"https:\/\/www.sp1nowysacz.pl\/index.php\/wp-json\/wp\/v2\/pages\/27448\/revisions\/34943"}],"wp:attachment":[{"href":"https:\/\/www.sp1nowysacz.pl\/index.php\/wp-json\/wp\/v2\/media?parent=27448"}],"curies":[{"name":"wp","href":"https:\/\/api.w.org\/{rel}","templated":true}]}}